Let x(u) = g*u**2 + 5*u + 104*u**2 - 213*u**2 - 4. Calculate x(-4).
8
Let c(r) be the second derivative of 28*r - 1/2*r**3 + 2 + 1/4*r**4 - 1/2*r**2. Give c(3).
17
Suppose -5*l - 15 = 4*u, 5*u - 1 = l + 2. Suppose 2*b - 27 = 5*c, b - 8*c + 3 = -11*c. Let j(m) = m + 11 - 4 - b - 9. Give j(u).
-8
Let u(x) = -9*x**3 + 10*x + 7*x + 5 + 17*x**2 + 19*x**3 - 11*x**3. Let w(b) = 35*b + 158. Let q be w(-4). Calculate u(q).
-13
Let t(j) be the first derivative of -3*j**2/2 + 44*j - 5088. Give t(-7).
65
Let h(c) = 69*c + 13. Let g(y) = -448*y - 82. Let b(d) = -2*g(d) - 13*h(d). Let p be ((-10)/8)/(1/4). Give b(p).
0
Let n be (-3)/(-1) - (1 + -2). Let p(d) be the third derivative of 1/4*d**4 - 27*d**2 + 0*d**3 - 1/30*d**5 + 0*d + 3. What is p(n)?
-8
Let m(p) = -3*p - 2. Let k = 182 - 181. Let q be 16/(-24)*(k + (-33)/(-3)). Give m(q).
22
Let p(v) = -v**3 - 7*v**2 - 5*v + 31. Let d be p(-14). Let j(o) = -o**2 - 3*o + 1477 - d - 8*o. Calculate j(-7).
32
Let c(b) = 18*b**3 - 13*b**2 - 29*b - 33. Let z(r) = 10*r**3 - 7*r**2 - 15*r - 18. Let k(v) = 6*c(v) - 11*z(v). Determine k(0).
0
Let o(v) = 2*v - 3. Suppose 3*i - 8 = -g, -2*g = -11*i + 16*i - 12. Let m(j) = -13*j - 59. Let n be m(g). What is o(n)?
-17
Suppose -2*l = t - 20, -5*l + 36 - 4 = -2*t. Let p be (-2)/(-4)*-2 + l + -2. Let s(i) = 9*i + 11 - p - 19*i**2 + 6*i**2 + 14*i**2. Calculate s(-5).
-14
Let y(x) = -17 + x + 3*x**3 - 3*x - 2*x**2 - 13*x**3 + x + 14*x**3. Let k(i) = 3*i**3 - 3*i**2 - 2*i - 15. Let v(g) = 5*k(g) - 4*y(g). Calculate v(-5).
-27
Let p(n) be the third derivative of 0*n + 12 + 1/8*n**4 - 2/3*n**3 + 3*n**2. What is p(5)?
11
Let s be ((-384)/(-52))/((-82)/(-533)). Let y(p) = 14*p - 668. Give y(s).
4
Let r(s) = -20*s**3 - 10*s**2 + 46*s - 17. Let x(v) = 9*v**3 + 5*v**2 - 22*v + 9. Let z(t) = 4*r(t) + 9*x(t). What is z(-7)?
13
Let n(f) = -4*f - 5*f + 11*f - 11*f - f. Let z = -1 - 1. Give n(z).
20
Let a(d) = -7*d**3 + 2*d**2 + 12*d - 19. Let u be a(4). Let f = u + 391. Let o(n) = n**3 - 3*n**2 + 2*n + 2. What is o(f)?
26
Let i(o) = -9*o + 1. Suppose 5*c - 10 = -5*s, -5*c - 4*s + 8 = -2. Suppose n - 11 = c*h, 2*h + 13 = 3*n - 0*h. Calculate i(n).
-8
Let a(h) = h**2 + 4 - 3 + 8*h - 5 + 1. Let m = -47 + 41. Let f(q) = 3*q + 10. Let r be f(m). Determine a(r).
-3
Suppose -r = 2*r - 3. Let m(f) = -f**2 + 5*f - r + 1 + 5. Let t(k) = -11*k + 478. Let c be t(43). Calculate m(c).
5
Suppose 3*q - 27 = -5*l, -2*q - 4 = -4*l - 0. Let x(n) = 11*n - 37. Let g be x(l). Let t(b) = -b**3 - 5*b**2 - 4*b + 2. Determine t(g).
2
Let x(g) = 128*g + 1923. Let i be x(-15). Let a(k) = -2*k**3 + k**2 - 3*k + 15. Determine a(i).
-39
Let r(t) = -t**3 + 7*t**2 - 1. Let g(a) = -a**2 - 15*a - 7. Let i be g(-14). Let q be r(i). Let m(d) = 1 + 0 + 3*d + 3*d**2 - 3*d. What is m(q)?
4
Let p(y) = -38*y + 105. Let v(d) = 2*d + 83. Let c be v(-40). Let l be p(c). Let o(f) = f - 6. Determine o(l).
-15
Let s(t) = -t**3 - 14*t**2 + 15*t. Let z(g) = -32*g**3 - 2*g**2 + 3*g + 4. Let c be z(2). Let i = 239 + c. Determine s(i).
0
Let n(f) = -f. Suppose -2*z + 21 = 25. Let i be n(z). Let p be (-102)/(-34) - 0*i/4. Let b(v) = -v**3 + 4*v**2 + v - 2. Give b(p).
10
Let a(g) = 3*g - 7. Let j(w) = -16*w + 35. Let p(d) = 11*a(d) + 2*j(d). Let y be 1*(2/(-8)*0)/(-13 + 14). Determine p(y).
-7
Let x(q) = -95*q**2 + 84*q**2 + 7*q - 78*q**2 + 83*q**2 + 15. Determine x(-3).
-60
Let k be (1/3)/(1/3). Let z(y) = y**3 - y**2 - y + 1. Let f(j) = -2*j + 26 - 9 - 16 - 2*j**2 + 3*j**3. Let p(t) = f(t) - 2*z(t). Determine p(k).
0
Let m(l) = 2*l**2 - 15*l - 6. Suppose -4*t - 3 = -35. Let a be m(t). Let v(u) = 0*u**2 + 4 + u**a + u + 2*u + u. What is v(-3)?
1
Let q(d) = -d**2 - 3*d + 6. Let n be (3 - -3 - 9)*(-10)/2. Suppose -w + 0*b + n = 5*b, 18 = -2*w + 2*b. Calculate q(w).
-4
Let z(i) = -1 - i - 2*i**2 + 8*i - 1098*i**3 + 1096*i**3 - 5*i**2 + 0*i. What is z(-4)?
-13
Let i(p) be the second derivative of 7*p**3/6 + 8*p**2 - 5*p + 70. What is i(-2)?
2
Let k(q) be the first derivative of -5*q**2/2 - 34*q - 1625. Give k(-18).
56
Let k be -12*1146/(-864) - (26/(-24) + 1). Let z(t) = -2*t**3 + 34*t**2 - 33*t + 22. Determine z(k).
6
Let n(m) = -690*m**2 - 4*m + 35 - m**3 + 1409*m**2 - 708*m**2 + 3*m. What is n(11)?
24
Let g(s) = -3*s**2 - 4*s + 3*s**3 - 2 - 5*s + 1 + 12*s. Let k(n) = -n**3 - 4*n**2 - 8*n - 13. Let d be k(-3). Calculate g(d).
17
Let m(d) = 227*d**2 - 7 - 33*d + 304*d**2 - 530*d**2. Give m(0).
-7
Let u(w) = 8*w**3 + 27*w**2 - 31*w - 48. Let m(p) = 3*p**3 + 11*p**2 - 12*p - 19. Let y(c) = 13*m(c) - 5*u(c). Determine y(7).
35
Let s(b) = -29*b + 149. Suppose 6 = 3*v - 3*u, -17*u - 24 = -3*v - 20*u. Give s(v).
4
Suppose 0*u + 45 = 9*u. Let h(q) = 17*q + 4. Let b(i) = -12*i - 3. Let x(p) = u*h(p) + 7*b(p). Suppose k - 16 = -3*k. Determine x(k).
3
Let d(i) = -i**3 - 2*i**2 + 1. Let n = -200 + 192. Let p be ((-1)/((-3)/(-2)))/(n/(-24)). What is d(p)?
1
Let l(d) = d**3 + 9*d**2 + d + 12. Let o = -6 - -7. Let q be 262/22 - 15/(-165). Let j be 1/(o - (-6)/(-9)) - q. Determine l(j).
3
Let w(z) = 3*z - 4. Let g(k) = -k + 3. Let f(r) = 4*g(r) + 5*w(r). Let a(b) = 25*b - 15. Let j(i) = 4*a(i) - 9*f(i). Let m = -11 - -5. Calculate j(m).
6
Suppose -141 - 29 - 28 = -33*p. Let h(m) = -m**2 + 7*m - 18. What is h(p)?
-12
Let h(b) = 2 - b**2 - 11 - 3 + 13 - 9*b. Give h(-9).
1
Let h(s) = 7*s**2 + s**3 + 0 - 2 + 3*s + 3*s. Let t = 19 - 12. Suppose -49 = 4*l + 5*w, 4*w - 10 = t*l - 2*l. Calculate h(l).
-2
Let n = 9 - 2. Let f(h) = -h**3 + 7*h**2 + h - 2. Let a be f(n). Let c(s) = 4 + 6 - 14 + s**3 + 5*s - 6*s**2. Determine c(a).
-4
Let y(v) = v**3 + 3*v**2 - 2*v - 1. Let b be y(-4). Let g(l) = -5*l**2 - 7*l + 4. Let r(c) = 17*c**2 + 20*c - 13. Let q(o) = -7*g(o) - 2*r(o). Calculate q(b).
-2
Let y(j) = j**2 + 7*j. Suppose -75 = -4*q + 61. Let p = 33 - q. Let k be 3 + (3 - -6)*p. Give y(k).
-6
Let v(u) = 29*u - 44. Let b be v(2). Let k(x) = 26*x - 3. Let i(l) = 12*l - 1. Let m(c) = b*i(c) - 6*k(c). Give m(-4).
-44
Let t(x) be the first derivative of -x**3/3 - 7*x**2 + 32*x + 691. What is t(-17)?
-19
Let b(u) = 72*u - 7 + 78*u - u**2 - 160*u. Let x be 14/1*(-10 - 57/(-6)). Determine b(x).
14
Let y(v) = 242 + 606 - 67022*v + 67008*v. What is y(61)?
-6
Suppose 85*p - 91*p + 888 = 0. Let o = -152 + p. Let l(v) = 5*v + 11. Give l(o).
-9
Let u(i) = -70*i + 5. Let x be 2 - 7 - (0 + 0 + -6). What is u(x)?
-65
Let x(s) = 3*s + 30. Let t(h) = -h - 15. Let w(u) = 5*t(u) + 2*x(u). Let p(y) = -y**3 - y**2 - y - 97. Let v be p(0). Let m = 97 + v. Give w(m).
-15
Let b be (((-16)/(-20))/2)/((-11)/(-55)). Suppose 0*o - 5*a - 24 = -3*o, 0 = 2*o + 2*a. Let w(u) = 5*u**b + 9*u**2 + o - 1 - u**3 - 6*u**2 - 9*u. Give w(7).
-12
Let h(r) = 5*r**2 + 18*r - 29. Let u(f) = -3*f**2 - 12*f + 19. Let x(t) = 5*h(t) + 8*u(t). Let v be x(5). Let a(i) = -9 + 12 + i**v - 4. Determine a(4).
15
Let l(v) be the first derivative of 31*v**2/2 - 100*v - 2409. What is l(3)?
-7
Let t(y) be the first derivative of y**5/24 - y**4/4 - 3*y**3 - 2*y - 59. Let b(h) be the third derivative of t(h). Calculate b(5).
19
Let a(w) be the second derivative of 28*w**3/3 + 50*w**2 - 9*w + 71. What is a(-2)?
-12
Let n = -34 - -29. Let a(y) be the second derivative of -y**5/20 - y**4/4 + 2*y**3/3 - 3*y**2/2 - 9*y. Calculate a(n).
27
Let l(c) = 2. Let o(k) = 18 + 3 - 9 - 3*k - k. Let t(i) = 4*l(i) - o(i). Give t(-1).
-8
Let a(z) = 6*z + 35. Let q be 66/1881*19*54/(-2). What is a(q)?
-73
Suppose -i + 486 = 8*i. Let t(x) = -6*x**2 - 58*x - 62*x + 173*x - i*x. Determine t(-2).
-22
Let y(l) = -2*l**2 - 3*l + 8. Suppose 0 = 5*d - 3*a - 22, 4*a = 20 - 36. What is y(d)?
-6
Suppose 175 = -4*p + b, 3*p + 2*b = -2*p - 209. Suppose 351 + 1521 = -39*a. Let g = p - a. Let r(y) = -y + 1. Determine r(g).
-4
Let o be -1 + (4 - 0 - -1). Suppose -3*p - 4*u = -20, o*p - 3*u + 10 = 5*p. Let y(l) = 4*l + 4. Determine y(p).
20
Let n(p) = 3*p**2 + 2*p - 52. Let r(b) = -b**2 - b + 24. Let x(f) = 6*n(f) + 13*r(f). What is x(2)?
18
Let z be ((-8)/6)/(((-256)/720)/((-36)/27)). Let t(q) = 13*q + 11. Give t(z).
-54
Let q be (-4 - -4) + 0 - -4. Suppose 0 = -9*j + 115 + 20. Let a(b) = -q - 8 + 11 - j*b. Calculate a(1).
-16
Suppose 4*f = 2*w + 170, -f - w + 31 + 19 = 0. Let r = f - 42. Let l(a) = -r*a**3 + a**3 + 3*a**2 + a**3 + 3*a + 7 - 5. Calculate l(4).